d 2012.
4
Calculate the greatest common divisor of 20017 and 481.
37
What is the highest common factor of 173097 and 3240?
81
Calculate the highest common divisor of 230 and 11914.
46
Calculate the highest common factor of 17685 and 63045.
135
What is the greatest common divisor of 40850 and 24940?
430
What is the greatest common factor of 56 and 30058?
14
What is the greatest common divisor of 1780 and 269136?
356
Calculate the highest common divisor of 625 and 17725.
25
What is the greatest common factor of 14133 and 42?
21
What is the highest common factor of 161655 and 975?
195
Calculate the highest common divisor of 976140 and 132.
132
Calculate the highest common factor of 3168 and 101728.
352
Calculate the greatest common divisor of 1410 and 103590.
30
Calculate the highest common divisor of 10 and 833570.
10
Calculate the highest common factor of 2088640 and 2568.
856
What is the greatest common divisor of 4704 and 1029?
147
Calculate the highest common factor of 129080 and 8120.
280
Calculate the greatest common factor of 434920 and 524.
524
Calculate the highest common divisor of 595 and 2141405.
595
What is the highest common divisor of 3531 and 53?
1
What is the highest common divisor of 17 and 396661?
17
Calculate the highest common divisor of 335 and 2390.
5
Calculate the highest common factor of 486 and 4734.
18
What is the greatest common factor of 2989 and 63?
7
Calculate the highest common factor of 1397 and 3302.
127
Calculate the highest common factor of 131405 and 205.
205
Calculate the greatest common divisor of 113 and 1598950.
113
Calculate the highest common factor of 892776 and 60.
12
What is the greatest common divisor of 24 and 118640?
8
Calculate the highest common factor of 38575 and 50.
25
Calculate the greatest common divisor of 1941943 and 428.
107
What is the greatest common divisor of 171898 and 122?
122
What is the highest common factor of 638788 and 100?
4
What is the highest common divisor of 6958 and 142?
142
What is the greatest common divisor of 4854 and 513?
3
Calculate the highest common divisor of 21 and 63378.
21
What is the greatest common factor of 351 and 34593?
39
What is the highest common divisor of 21235 and 15655?
155
Calculate the highest common factor of 502 and 308479.
251
What is the greatest common factor of 9016 and 18584?
184
What is the highest common divisor of 200 and 52450?
50
Calculate the highest common divisor of 1089 and 225.
9
Calculate the greatest common divisor of 308173 and 333.
37
What is the greatest common factor of 221808 and 304?
16
Calculate the highest common divisor of 884642 and 316.
158
What is the highest common factor of 1343 and 748?
17
Calculate the highest common factor of 265244 and 28.
28
Calculate the highest common factor of 87520 and 205.
5
Calculate the highest common factor of 26052 and 1503.
501
Calculate the greatest common divisor of 46 and 3454.
2
What is the highest common factor of 3927 and 264?
33
Calculate the highest common divisor of 187 and 281401.
17
What is the greatest common factor of 16 and 414928?
16
Calculate the highest common divisor of 7648 and 384.
32
What is the greatest common factor of 69116 and 4662?
74
Calculate the highest common divisor of 1918 and 1498.
14
Calculate the greatest common divisor of 152847 and 74.
37
Calculate the highest common divisor of 1760 and 1120.
160
What is the greatest common factor of 296 and 456654?
74
Calculate the highest common divisor of 14995 and 545.
5
What is the highest common factor of 11983 and 299?
23
Calculate the greatest common factor of 4740 and 21093.
237
What is the greatest common factor of 1696 and 346832?
848
Calculate the highest common factor of 1964896 and 32.
32
Calculate the highest common factor of 2269859 and 841.
841
Calculate the highest common divisor of 58718 and 1870.
374
Calculate the highest common divisor of 2 and 7901.
1
Calculate the highest common factor of 690080 and 240.
80
Calculate the greatest common divisor of 10626 and 87402.
42
What is the greatest common divisor of 16 and 288140?
4
Calculate the greatest common divisor of 317845 and 55.
55
What is the highest common factor of 6 and 10185?
3
Calculate the highest common factor of 87 and 4327467.
87
Calculate the greatest common factor of 22 and 337942.
22
What is the highest common divisor of 3842 and 38624?
34
Calculate the highest common factor of 265200 and 80.
80
Calculate the greatest common divisor of 364 and 203112.
364
Calculate the greatest common divisor of 8771 and 917.
7
What is the highest common factor of 1001 and 15685670?
1001
What is the greatest common factor of 204 and 1163004?
204
Calculate the highest common divisor of 26 and 25246.
26
Calculate the highest common factor of 250 and 2213375.
125
Calculate the greatest common factor of 214338 and 1251.
417
What is the greatest common factor of 19 and 1681671?
19
What is the greatest common factor of 1984 and 4898?
62
What is the highest common divisor of 6993 and 747?
9
What is the highest common divisor of 294758 and 27542?
586
What is the greatest common factor of 108251 and 46177?
757
Calculate the greatest common divisor of 330 and 14355.
165
Calculate the greatest common factor of 5268 and 1164.
12
What is the greatest common factor of 3670 and 420215?
1835
What is the highest common factor of 568 and 57013?
71
Calculate the greatest common factor of 153 and 675512.
17
Calculate the greatest common divisor of 90 and 55.
5
What is the highest common divisor of 442 and 1378?
26
What is the greatest common divisor of 2573315 and 145?
145
What is the highest common divisor of 1418895 and 225?
45
Calculate the greatest common divisor of 70 and 296226.
14
What is the greatest common divisor of 264 and 127446?
66
What is the greatest common factor of 4041 and 423?
9
Calculate the greatest common divisor of 595 and 3945.
5
Calculate the highest common factor of 3776 and 128.
64
Calculate the greatest common factor of 189 and 12042.
27
What is the greatest common divisor of 3288 and 7379916?
1644
Calculate the greatest common divisor of 1224 and 1304.
8
Calculate the highest common divisor of 104200 and 42201.
521
What is the greatest common factor of 2400796 and 492?
164
Calculate the highest common divisor of 798 and 3395.
7
What is the greatest common factor of 2172 and 469876?
724
What is the greatest common factor of 37516 and 664?
332
What is the highest common divisor of 30225 and 585?
195
What is the highest common divisor of 492 and 63345?
123
Calculate the greatest common factor of 1902 and 2514.
6
What is the highest common divisor of 137118 and 36?
6
What is the highest common divisor of 15 and 966895?
5
Calculate the highest common divisor of 10592 and 8656.
16
Calculate the highest common divisor of 76176 and 144.
144
What is the highest common divisor of 752 and 388972?
188
What is the highest common factor of 187340 and 1900?
380
What is the highest common divisor of 604 and 5372?
4
What is the greatest common factor of 6627 and 705?
141
What is the highest common divisor of 488 and 69601?
61
What is the greatest common divisor of 1652434 and 68?
34
What is the highest common factor of 80919 and 168831?
999
What is the greatest common divisor of 25 and 59635?
5
Calculate the greatest common factor of 6486750 and 675.
675
What is the highest common divisor of 49 and 1280909?
49
What is the greatest common divisor of 4375 and 77175?
175
Calculate the highest common factor of 6021 and 12123.
27
What is the greatest common divisor of 56375 and 22?
11
Calculate the highest common factor of 488 and 1952488.
488
Calculate the greatest common factor of 160 and 10050.
10
Calculate the highest common factor of 2556 and 8082.
18
Calculate the greatest common factor of 2144211 and 183.
183
Calculate the highest common divisor of 132 and 230648.
44
What is the greatest common factor of 10788 and 25?
1
Calculate the greatest common divisor of 26877060 and 30.
30
What is the highest common divisor of 118020 and 5880?
420
What is the greatest common factor of 11684 and 8128?
508
Calculate the greatest common factor of 1232 and 14252.
28
Calculate the greatest common divisor of 7497 and 1445.
17
What is the highest common divisor o